 j(g) = -g**3 + 8*g**2 - 4*g - 1. Calculate j(6).
47
Let p(g) = -g**3 + 5*g**2 - 11*g + 10. Determine p(4).
-18
Let f(u) = u**3 + 7*u**2 + 5*u. What is f(-2)?
10
Let k(j) = j - 14. Calculate k(6).
-8
Let l(c) = c**3 + 3*c**2 - 4*c + 3. Give l(-5).
-27
Let j(h) = -12*h**3 - h**2 + 1. Give j(-1).
12
Let z(t) = -75*t - 460. Determine z(-6).
-10
Let n(t) = -2*t**2 + t - 8. Calculate n(4).
-36
Let y(f) = 2*f**3 + 2*f**2 - 5*f - 3. Determine y(-3).
-24
Let f(o) = -3*o - 20. What is f(10)?
-50
Let b(h) = -h**2 + 9*h - 4. What is b(9)?
-4
Let v(z) = -z**2 + 4*z + 8. What is v(6)?
-4
Let f(l) = 3*l + 1. What is f(-12)?
-35
Let y(v) = -2*v**3 + 32*v**2 - 30*v - 11. Calculate y(15).
-11
Let y(j) = -7*j + 2. Calculate y(-3).
23
Let o(g) = 2*g + 23. Determine o(-9).
5
Let o(w) = -w**3 - 7*w**2 + 8*w - 9. What is o(-8)?
-9
Let b(x) = -x**2 + 2*x - 3. Calculate b(2).
-3
Let n(j) = -j**3 - 5*j**2 - 5*j - 3. Determine n(-4).
1
Let q(n) = 30*n**3 - 3*n**2 - 4*n - 2. Determine q(-1).
-31
Let q(p) = 18*p**2 - 2*p + 1. Give q(1).
17
Let f(k) = -k**2. Give f(-2).
-4
Let q(d) = d**3 - 21*d**2 - 15*d + 312. What is q(21)?
-3
Let k(f) = f**3 + 2*f**2 + f + 40. Calculate k(0).
40
Let h(k) = 3*k**2 + 38*k - 3. Determine h(-17).
218
Let d(v) = -v + 4. Determine d(13).
-9
Let h(o) = 2*o - 53. Calculate h(1).
-51
Let g(h) = h**2 + 7*h - 10. Determine g(4).
34
Let g(z) = 3*z + 3. Determine g(-6).
-15
Let x(t) = -68*t - 1434. Give x(-21).
-6
Let b(m) = -m + 1. Calculate b(-4).
5
Let f(v) = 3*v + 13. What is f(-6)?
-5
Let k(u) = -u**3 - 8*u**2 + 8*u - 12. Determine k(-9).
-3
Let f(y) = 2*y**2 - 5*y - 5. Give f(8).
83
Let t(k) = -2*k**3 + k**2 - 5*k + 6. What is t(-3)?
84
Let u(p) = p**3 - 38*p**2 - 38*p - 36. Determine u(39).
3
Let s(a) = -a**3 + 27*a - 25. Give s(5).
-15
Let f(s) = 31*s + 237. Determine f(-8).
-11
Let x(a) = a + 3. Calculate x(5).
8
Let a(z) = -z**3 + 7*z**2 - 6*z - 11. Calculate a(6).
-11
Let v(j) = -2*j**3 - 13*j**2 - 11*j + 1. What is v(-6)?
31
Let u(j) = -3*j**2 - 2*j + 14. What is u(-4)?
-26
Let k(o) = -o**2 + 7*o - 8. Give k(4).
4
Let s(o) = 45*o + 155. Calculate s(-6).
-115
Let c(v) = 2*v**3 - 5*v**2 - 5*v + 5. Give c(4).
33
Let t(g) = 24*g**2 + 2*g - 3. What is t(2)?
97
Let h(k) = -k**3 - 6*k**2 + 12*k - 13. Give h(-8).
19
Let g(d) = d**2 - 4*d - 17. Calculate g(7).
4
Let h(b) = 11*b - 183. Determine h(16).
-7
Let s(z) = 15*z**2 + 6*z - 5. Determine s(1).
16
Let f(h) = h - 17. Determine f(6).
-11
Let j(r) = 18*r**2 + 5*r + 9. What is j(-3)?
156
Let q(k) = -4*k**2 - 10*k + 8. Calculate q(5).
-142
Let o(c) = c - 6. Calculate o(-10).
-16
Let r(h) = 4*h + 12. Calculate r(5).
32
Let w(n) = n + 1. Give w(-4).
-3
Let p(o) = -20*o - 1. Calculate p(1).
-21
Let q(v) = -v**3 + 15*v**2 - 45*v + 5. Give q(11).
-6
Let b(j) = -j**3 - 4*j**2 + 5*j + 2. Calculate b(-5).
2
Let k(l) = -l**3 - 38*l**2 - 139*l - 88. What is k(-34)?
14
Let h(w) = w**3 - 23*w**2 + 59*w + 27. What is h(20)?
7
Let u(d) = -5*d**3 + d**2 - d - 1. Determine u(-1).
6
Let q(d) = d**3 + 14*d**2 + 15*d + 24. Give q(-13).
-2
Let i(y) = -y**3 + 6*y**2 + 7*y + 3. Give i(7).
3
Let w(d) = d**3 - 21*d**2 + 43*d - 83. Calculate w(19).
12
Let a(c) = 22*c - 85. Calculate a(6).
47
Let g(o) = -o**3 - 7*o**2 + 4*o + 3. What is g(-7)?
-25
Let x(o) = -13*o + 66. Determine x(5).
1
Let d(j) = j**3 + 22*j**2 - j + 4. What is d(-22)?
26
Let z(n) = -n - 1. Determine z(-9).
8
Let b(k) = -k**2 - 3*k - 21. What is b(-13)?
-151
Let d(j) = j + 28. Give d(0).
28
Let k(y) = -6*y - 9. Give k(-13).
69
Let g(i) = -i**3 - 24*i**2 + 28*i + 85. What is g(-25)?
10
Let h(f) = f**2 + 9*f - 10. Calculate h(-7).
-24
Let k(y) = y**3 + 26*y**2 + 23*y - 28. Give k(-25).
22
Let g(v) = 2*v + 35. Determine g(-11).
13
Let k(d) = d**3 + 11*d**2 + 26*d - 22. What is k(-7)?
-8
Let o(u) = u**3 + 15*u**2 + 12*u + 10. Calculate o(-14).
38
Let p(n) = n**2 - 24*n + 40. What is p(22)?
-4
Let k(n) = -2*n**3 + 3*n**2 - n. Give k(2).
-6
Let w(m) = -2*m**2 - 5. Give w(-4).
-37
Let p(h) = -9*h - 2. What is p(-5)?
43
Let d(l) = -14*l - 13. Determine d(-1).
1
Let r(w) = 8*w - 41. What is r(13)?
63
Let r(c) = 2*c**2 - 28*c - 10. Determine r(14).
-10
Let d(k) = -k**2 - 10*k + 4. What is d(-10)?
4
Let d(m) = 11*m**3 + 3*m**2 - m - 1. Determine d(1).
12
Let k(u) = u**2 - 7*u + 11. What is k(9)?
29
Let s(g) = -3*g + 2. What is s(-1)?
5
Let k(u) = -u**3 + 7*u**2 - 2*u - 21. Calculate k(6).
3
Let p(y) = -y**3 - 5*y**2 - 5*y + 1. Give p(-5).
26
Let o(v) = 44*v - 39. Give o(3).
93
Let l(z) = -z**2 + 7*z - 6. Give l(7).
-6
Let l(j) = -3*j**3 + 16*j**2 - 3*j - 8. Give l(5).
2
Let b(c) = -7*c. Calculate b(3).
-21
Let p(o) = -o**3 + 5*o**2 + 52. Give p(7).
-46
Let k(t) = t**2 - 15*t - 193. Determine k(23).
-9
Let j(m) = -10*m**2 + 2*m + 2. Determine j(-2).
-42
Let c(h) = -h**2 + 11*h - 15. Determine c(10).
-5
Let d(a) = -a**2 + 5*a + 8. Give d(7).
-6
Let u(y) = 7*y - 94. Calculate u(13).
-3
Let l(q) = q**2 + 4*q - 18. What is l(3)?
3
Let f(a) = -a**2 - a + 7. Determine f(-4).
-5
Let q(k) = -3*k**3 + 6*k + 3. Determine q(-2).
15
Let p(u) = -u + 8. Calculate p(3).
5
Let l(p) = -17*p + 203. What is l(14)?
-35
Let b(l) = -l**3 + 16*l**2 + 18*l + 4. Give b(17).
21
Let z(l) = l**3 + 5*l**2 + 3*l + 3. Determine z(-4).
7
Let q(s) = 8*s. What is q(-1)?
-8
Let g(n) = -19*n + 1. Give g(0).
1
Let o(j) = -j + 24. Determine o(11).
13
Let x(b) = b**2 + 3*b - 10. Determine x(-6).
8
Let c(j) = -j**3 + 3*j**2 - 5*j - 1. Determine c(2).
-7
Let t(a) = a**3 + 9*a**2 + 7*a + 7. Calculate t(-9).
-56
Let q(h) = h**3 + 4*h**2 + 4*h + 3. Determine q(-3).
0
Let p(g) = -5*g + 14. Calculate p(6).
-16
Let h(z) = z**3 + 2*z**2. What is h(-2)?
0
Let t(k) = 6*k + 3. Determine t(4).
27
Let g(n) = n + 6. Determine g(18).
24
Let s(k) = -k**3 - 10*k**2 + 9*k - 27. Give s(-11).
-5
Let m(j) = j - 2. Determine m(3).
1
Let w(z) = -12*z - 61. Give w(-11).
71
Let n(t) = t**2 + 5*t + 2. What is n(-2)?
-4
Let q(g) = -30*g - 55. Give q(-2).
5
Let d(v) = -v**2 - 12*v - 26. What is d(-2)?
-6
Let j(s) = -19*s - 46. Calculate j(-4).
30
Let y(h) = -h + 5. Give y(2).
3
Let p(d) = d**2 + 15*d - 6. Determine p(-15).
-6
Let v(g) = 3*g - 16. Give v(5).
-1
Let y(w) = -w**3 - 4*w**2 - w + 2. What is y(-4)?
6
Let h(n) = -3*n**2 + 8*n - 14. Give h(9).
-185
Let f(k) = k**3 - 2*k**2 - 2. Determine f(3).
7
Let o(m) = 2*m**2 + 39*m + 14. What is o(-19)?
-5
Let q(t) = t**3 + 11*t**2 + 10*t. Give q(-10).
0
Let y(o) = -o**3 + 12*o**2 - 18*o + 10. What is y(8)?
122
Let b(h) = -2*h**2 - 6*h + 18. What is b(-5)?
-2
Let x(z) = z**2 + 12*z + 17. Determine x(-9).
-10
Let a(d) = 5*d + 9. Calculate a(-8).
-31
Let f(s) = -11*s + 45. What is f(7)?
-32
Let s(k) = 22*k - 164. Give s(7).
-10
Let o(g) = 4*g**3 - 2*g**2 + g. Calculate o(1).
3
Let m(n) = 8*n + 43. Calculate m(-7).
-13
Let j(w) = 7*w - 71. Give j(11).
6
Let g(r) = r**2 - 5*r + 10. Determine g(6).
16
Let u(y) = 9*y + 62. Give u(-8).
-10
Let z(s) = -2*s**3 + 20*s**2 - 4*s - 37. What is z(10)?
-77
Let v(n) = -n**3 - 6*n**2 - 6*n. Determine v(-4).
-8
Let r(k) = -7*k + 5. Give r(-3).
26
Let n(a) = 3*a + 63. Calculate n(-20).
3
Let z(j) = -5*j - 94. What is z(0)?
-94
Let o(u) = -u**2 - 6*u - 7. Determine o(-5).
-2
Let p(s) = -4*s - 9. Determine p(-4).
7
Let q(a) = a**2 - 6*a - 12. What is q(8)?
4
Let m(r) = r**3 - 24*r**2 + 21*r + 40. Calculate m(23).
-6
Let g(y) = -32*y**3 - 4*y**2 - 3*y + 3. What is g(1)?
-36
Let o(b) = b**3 - 22*b**2 + 5*b - 89. What is o(22)?
21
Let a(w) = -2*w**2 + 10*w + 18. Determine a(8).
-30
Let x(h) = h**2 - 8*h + 17. Determine x(5).
2
Let r(t) = t**3 + t**2 - 6. Give r(0).
-6
Let c(u) = u**3 - 14*u**2 + 16*u - 29. Calculate c(13).
10
Let l(v) = -4*v**2 + 5*v + 38. What is l(-3)?
-13
Let x(a) = 2*a**2 - 10*a + 1. Give x(4).
-7
Let o(p) = -p**3 + 6*p**2 + 12*p - 7. What is o(7)?
28
Let s(w) = 4*w**2 + 5*w + 3. Give s(-2).
9
Let w(d) = -d**2 + 14*d + 39. Give w(16).
7
Let q(z) = -2*z**2 - z + 1. Calculate q(4).
-35
Let h(y) = -y**3 - 7*y**2 - 11*y - 20. Determine h(-6).
10
Let f(a) = 9*a + 39. What is f(-4)?
3
Let j(x) = -23*x - 325. What is j(-14)?
-3
Let v(c) = -5*c. Give v(0).
0
Let j(d) = -d**3 - 3*d**2 - 4. Determine j(-2).
-8
Let s(k) = 15*k**2 + 3. What is s(2)?
63
Let n(b) = b**2 - 18*b + 8. Calculate n(18).
8
Let h(q) = 2*q**2 - q - 2. Give h(-3).
19
Le